3*d**2 - 2. Determine q(6).
-30
Suppose -8*z + 136 - 17 = -41. Let y(a) = -a**2 + 23*a - 3. What is y(z)?
57
Let n(z) = -z - 54. Suppose 0*a + 11*a = -13*a - 600. Calculate n(a).
-29
Let j be 1/2*4/1. Let l be 0 + 2 + -3 + 6. Let b(v) = -1 + 19*v + l*v - 27*v. What is b(j)?
-7
Suppose 28*g + 30 = 33*g. Let i(c) = c**3 + 4*c**2 + 6*c - 7. Let y(l) = l**3 + 5*l**2 + 5*l - 8. Let t(m) = g*i(m) - 7*y(m). Give t(-11).
3
Let c(s) = 5*s + 5. Let x(b) = -32*b - 16. Let j(w) = 8*c(w) + x(w). Determine j(-4).
-8
Let b be (-3)/(6/4 + (0 - 3)). Suppose 134 = 4*t + 2*g, t - 38 = -b*g + 3*g. Let y = 36 - t. Let j(c) = -13*c. Calculate j(y).
-13
Let w(j) = j**3 + 8*j**2 + 5*j. Suppose -11*a - 23*a - 252 = 2*a. Give w(a).
14
Let m(b) = b**3 - 5*b**2 + 3*b + 4. Suppose 0*w - 5*w - 151 = -2*r, -430 = -5*r - 5*w. Let j = -80 + r. Give m(j).
-5
Let f(i) = -2*i - 1. Let c(v) = 152*v**2 + 3*v - 74*v**2 + 6 - 77*v**2. Let n(g) = c(g) + 5*f(g). Suppose -3*o - 3*q = -6, q + 13 + 0 = 2*o. Calculate n(o).
-9
Let q(c) = -c**2 - 5*c - 1. Let r = 28731 - 28735. Give q(r).
3
Let n(c) be the first derivative of c**3/6 - c**2/2 + 23*c + 38. Let k(w) be the first derivative of n(w). Determine k(1).
0
Let o = -4 + 12. Let v(z) = 7*z - 2287. Let f(r) = -12*r + 4000. Let s(d) = 4*f(d) + 7*v(d). Give s(o).
-1
Let j = 1325 + -1327. Let t(s) be the second derivative of -s**5/20 - s**4/6 - 2*s**3/3 - s**2 + s - 45. Give t(j).
6
Let n(w) = 13*w + 32 + 15*w - 5*w + 128 - 17*w. What is n(-26)?
4
Let r = 2136 - 2134. Let i = -6 + 9. Let g(j) = j + i*j**2 + 3*j - 5*j - 2 + 3*j**3 - 5*j**3. Calculate g(r).
-8
Let q(k) = -2*k - 4. Let l be 3/6*-2*(34 + -29). Calculate q(l).
6
Let q(y) = 4*y**2 + 34*y + 16. Let z(k) = -3*k**2 + 2*k + 13. Let p be z(3). Calculate q(p).
0
Let z(j) = j**2 - 9*j + 12. Let r be 4*(3 + (0 - 1)). Let l be z(r). Let y be (l/6)/((-6)/36). Let s(o) = -3*o - 5. What is s(y)?
7
Let b be 6 + -1 + -2 + -19 + 14. Let w be (-6)/b*(-6)/(-8 - -6). Let t(p) = -p**2 + 9*p - 12. Determine t(w).
-12
Let u(w) = -38*w + 3830. Let j be u(101). Let g(k) be the first derivative of -3*k**2/2 - 9*k + 2. Determine g(j).
15
Suppose 69*q - 12*q + 19*q - 1444 = 0. Let w(o) = -o**3 + 20*o**2 - 18*o - 24. What is w(q)?
-5
Let t = 1051 + -1053. Let j(c) = -23*c - 17. Give j(t).
29
Let y(a) = 6*a**2 - 9*a + 12. Let o = 2180 - 2175. Give y(o).
117
Let j(w) = 15*w + 70. Let y(z) = z + 5. Let a be 24/(-9)*18/4. Let q be ((-1785)/a)/(-7)*4. Let i(n) = q*y(n) + 6*j(n). Give i(5).
20
Let u(z) = -7*z - 2. Let m(d) = -11*d - 3. Let b(w) = 2*w - 40. Let t be b(24). Let a(n) = t*u(n) - 5*m(n). Determine a(0).
-1
Let l(x) = 10*x + 30. Let h(d) = d - 2. Let b(q) = 4*h(q) - l(q). Determine b(-12).
34
Let y = -631 - -629. Let a(w) = 2*w**2 + w. Give a(y).
6
Let h(n) = -n**3 + 8*n**2 + 4*n - 7. Let a(j) = -j - 3. Let y be a(-8). Let s(w) = 0*w + 4*w + 1 - w**2 - y*w. Let f(g) = -h(g) - 2*s(g). Give f(6).
-7
Suppose 4*g + g - 5 = 0. Let m(n) = 1. Let a(q) = 5*q - 1. Let j(d) = g*a(d) + 3*m(d). Suppose -19 = 6*w - 31. Calculate j(w).
12
Let p be (70/49)/(2/14). Let f(l) be the third derivative of l**5/60 - l**4/2 + 13*l**3/6 - 4104*l**2. Calculate f(p).
-7
Let l(y) be the third derivative of -y**3 + 0*y + 70*y**2 + 1/12*y**4 + 0. Give l(-5).
-16
Let o(l) = -2 + l - 4*l + 2*l. Let p(s) = -15*s - 632. Let b be p(-44). Suppose -5*n + 3*y - b = 3, 0 = -5*n + 2*y - 29. Determine o(n).
3
Suppose -5*d - n = 25, -3*d - 10*n - 15 = -13*n. Let r be (4 + d)*-6 - (5 + 2). Let g(v) be the third derivative of -v**4/24 + v**2. Calculate g(r).
1
Suppose 0 = 35*s - 37*s + 3742. Let v(i) = -2 + 8 - s*i + 1868*i. Suppose 6*u - u = 20. Determine v(u).
-6
Let r(b) = b**3 - b**2 + 3*b - 3. Suppose -3*d + 5*m + 373 = 0, 3*m = -4*d + 207 + 271. Suppose d*x - 4 = 119*x. Determine r(x).
7
Let j be (-6)/((21/14)/(-1)). Suppose -j*n - 20 + 8 = 2*i, 3*i - n = 3. Let g(r) = -r - 6. Calculate g(i).
-6
Let g(w) = -3*w + 2. Let x(n) = -n**2 + 9*n + 2. Let h be x(9). Suppose 2*k + k - 2*u = 43, h*u = -k + 1. Suppose -8*y - 29 = k. Calculate g(y).
17
Let j(z) = -32*z - 68. Let l = -346 - -344. Let f be j(l). Let v(h) = 15*h + 12. Let i(t) = -8*t - 6. Let y(u) = -9*i(u) - 5*v(u). What is y(f)?
6
Let t(f) = -25 + 3*f + 2316*f**2 - 6 - 774*f**2 - 774*f**2 - 767*f**2. What is t(-7)?
-3
Let l(a) = -2*a**2 + 8*a - 6. Let f(w) = -3*w**2 + 15*w - 13. Suppose 33 = -4*x + 13. Let i(k) = x*l(k) + 3*f(k). Let d be -17 - -5*20/10. Calculate i(d).
5
Let x(w) be the third derivative of -w**7/840 + w**6/180 + 3*w**5/20 + 24*w**2. Let l(y) be the third derivative of x(y). Let d = -5 - -9. Give l(d).
-20
Let g be ((-24)/(-144))/((-1)/12)*62/4. Let c(x) = 2*x + 92. Give c(g).
30
Suppose -f - o = -2, -5*f = -o + 2*o - 22. Suppose -r - 2 = 5*v, -7*r + 4*r + f*v = 6. Let q(s) = -10*s + 0*s - 3*s + 17*s + 3. Give q(r).
-5
Let m be -3*-1*(-3 - (-3 - 5) - 10). Let h(z) = 5*z + 65. Determine h(m).
-10
Let t be 13 - 6 - 11 - (-3 + -70). Let i(b) = -4*b**2 - 205*b**3 + 2*b + t*b**3 + 0*b + 68*b**3 - 4 + 69*b**3. What is i(2)?
-8
Suppose -o = 6 + 1. Let m(a) be the third derivative of -a**6/120 - 2*a**5/15 - 11*a**4/24 - 3*a**3/2 + 8*a**2 - 13*a + 5. Determine m(o).
19
Let q(o) be the second derivative of -o**3/6 + 5*o**2/2 + 16*o. Let u(d) = d**3 - 3*d**2 + 27*d - 50. Let t be u(2). Determine q(t).
5
Let x(d) = -21*d + 5. Let k(l) = 27*l - 6 - 2 + 2 - 6*l. Let u be (-18)/(-3) + 0 + -3 + 2. Let v(s) = u*x(s) + 4*k(s). What is v(1)?
-20
Let y(b) = b**3 + 4*b**2 - 8*b - 3. Suppose i + 0*i = 11. Suppose 0 = 2*s + 3 - i. Suppose -s*j + 5*j = -5. Calculate y(j).
12
Let c(m) = -m**3 + 14*m**2 - 1. Let u = -558 - -564. Let k(l) = 2*l**3 - 23*l**2 + 2. Let q(z) = u*k(z) + 11*c(z). What is q(-16)?
1
Let l be 10*(0 + 2)/4. Suppose -5*x + 71 = -x - 5*w, 99 = l*x + 4*w. Let a(g) = 1 + 3*g - g + x*g. Determine a(-1).
-20
Let u(p) = -2*p - 2. Let v be (43 - (0 - -1)) + 0. Suppose v = 4*o - o. Suppose o = 3*a + l, 2*a - 2*l = 2*l. Give u(a).
-10
Let z(w) = -72*w - w**3 + 41*w - 7*w**2 + 7 + 43*w. Calculate z(-8).
-25
Let v(w) = -8*w**2 - 3*w + 9. Suppose 35 - 10 = h + 5*z, -4*z = 5*h + 1. Determine v(h).
-176
Let b(c) = -14*c**3 + 24*c**2 + c + 5. Let f(g) = -10*g**3 + 20*g**2 + 2*g + 6. Let d(h) = -3*b(h) + 4*f(h). Determine d(-4).
-11
Let i(n) = 7*n + 237. Let p(s) = 18*s**2 - 50*s - 5. Let f be p(2). Give i(f).
6
Let r(l) be the first derivative of -3*l**2 + 7*l - 603. Determine r(5).
-23
Let m(k) = k**2 - 4*k + 24. Let g be m(13). Let f = -140 + g. Let u(p) = p**3 - p**2. What is u(f)?
0
Let o(b) be the first derivative of b**2 + 26*b + 3900. Calculate o(0).
26
Let y(t) = t**3 - 5*t**2 - 4*t - 2. Let c be y(6). Let d(m) = -7 - 7*m + c*m - 5*m + 0*m. Let n(l) = -3*l + 23. Let h be n(10). What is d(h)?
7
Let n(i) = 4*i + 3*i - 1 + 2*i - 3*i - 5*i. Give n(5).
4
Let k(v) = 14*v**2 + 3. Suppose 198*s - 143 - 47 = 8. What is k(s)?
17
Let v(u) = 3587 + 7*u - 6*u - 3574. Let o = 48 - 34. Let p = o - 24. Give v(p).
3
Let c(f) = -6*f - 2. Suppose -7*l - 2*o + 35 = -2*l, 2*l - 11*o - 73 = 0. What is c(l)?
-56
Suppose -4*w + 36 = 2*w. Suppose -w = -0*q + 3*q. Let s(r) be the first derivative of r**3/3 + 5*r**2/2 + 3*r - 31. What is s(q)?
-3
Let x(b) = 14. Let n(u) = -u + 13. Let t = 28 - 30. Let g(s) = t*x(s) + 3*n(s). Let l = 19 - 11. What is g(l)?
-13
Suppose 5*i + 4 + 1 = 0. Let f(b) = -26 - 9718*b**3 + 25 - b + 9740*b**3 - b. Calculate f(i).
-21
Let q be (-104)/3 + 2/(-15)*-5. Let x = q + 30. Let p be 1/(-2)*x*(-2)/(-4). Let v(r) = 4*r**2 + 2*r - 1. Calculate v(p).
5
Let h(x) = -1690*x**3 + 2 + 3307*x**3 - 1670*x**3 - 1. Give h(-1).
54
Let c(a) be the first derivative of a**4/4 + 8*a**3/3 - 12*a**2 - 42*a + 750. Give c(-10).
-2
Let n(x) be the second derivative of -x**4/4 - 7*x**2/2 + 2511*x. Calculate n(-5).
-82
Let n(p) = p**2 + 8*p + 2. Suppose 58 = 10*l - 72. Suppose 20 + 71 = -l*i. What is n(i)?
-5
Let a(u) = 5*u + 1 + 9*u + u. Let f(i) = 24*i**3 - i**2 - 8*i + 7. Let w be f(1). Suppose 24*p + 2 = -w. Determine a(p).
-14
Let s(w) be the second derivative of -w**3/2 + 5*w**2/2 + 102*w. Let n be 2*(-13 - (-161)/14). Give s(n).
14
Let f(n) = 4*n**2 - 1. Let p = 1670 + -1674. Give f(p).
63
Let h(v) = -1. Let j(p) = -31*p + 36. Let c(r) = 6*r - 7. Let i(z) = 11*c(z) + 2*j(z). Let w = -16